 62702?
7
What is the tens digit of 1121?
2
What is the hundreds digit of 1145?
1
What is the ten thousands digit of 45181?
4
What is the hundreds digit of 37760?
7
What is the tens digit of 20150?
5
What is the hundreds digit of 1865?
8
What is the hundreds digit of 60158?
1
What is the hundreds digit of 42519?
5
What is the tens digit of 183362?
6
What is the hundreds digit of 12469?
4
What is the hundreds digit of 892?
8
What is the units digit of 60290?
0
What is the ten thousands digit of 12037?
1
What is the thousands digit of 13745?
3
What is the thousands digit of 9879?
9
What is the tens digit of 69664?
6
What is the tens digit of 95?
9
What is the tens digit of 18382?
8
What is the thousands digit of 1423?
1
What is the tens digit of 13114?
1
What is the hundreds digit of 17563?
5
What is the hundreds digit of 13370?
3
What is the units digit of 1716?
6
What is the units digit of 3?
3
What is the hundreds digit of 2139?
1
What is the ten thousands digit of 153789?
5
What is the units digit of 841?
1
What is the hundreds digit of 802?
8
What is the tens digit of 14253?
5
What is the tens digit of 415?
1
What is the hundreds digit of 2464?
4
What is the thousands digit of 10488?
0
What is the hundreds digit of 726?
7
What is the hundreds digit of 2820?
8
What is the hundreds digit of 130?
1
What is the units digit of 29323?
3
What is the thousands digit of 15046?
5
What is the tens digit of 2584?
8
What is the tens digit of 13467?
6
What is the thousands digit of 5638?
5
What is the thousands digit of 2324?
2
What is the tens digit of 303?
0
What is the units digit of 25869?
9
What is the tens digit of 1534?
3
What is the tens digit of 29840?
4
What is the ten thousands digit of 20066?
2
What is the hundreds digit of 1838?
8
What is the thousands digit of 3344?
3
What is the ten thousands digit of 34269?
3
What is the units digit of 3869?
9
What is the hundreds digit of 904?
9
What is the tens digit of 2797?
9
What is the hundred thousands digit of 102797?
1
What is the tens digit of 1280?
8
What is the units digit of 1346?
6
What is the tens digit of 103?
0
What is the units digit of 9139?
9
What is the thousands digit of 16806?
6
What is the units digit of 10335?
5
What is the hundreds digit of 16424?
4
What is the units digit of 9029?
9
What is the tens digit of 252?
5
What is the units digit of 75452?
2
What is the hundreds digit of 278?
2
What is the thousands digit of 36414?
6
What is the hundreds digit of 689?
6
What is the thousands digit of 65442?
5
What is the thousands digit of 3253?
3
What is the hundreds digit of 7219?
2
What is the thousands digit of 4318?
4
What is the tens digit of 16928?
2
What is the units digit of 8062?
2
What is the hundreds digit of 33530?
5
What is the hundreds digit of 865?
8
What is the hundreds digit of 4554?
5
What is the hundreds digit of 953?
9
What is the hundreds digit of 51961?
9
What is the tens digit of 27635?
3
What is the units digit of 94?
4
What is the thousands digit of 1744?
1
What is the hundreds digit of 751?
7
What is the tens digit of 1560?
6
What is the hundreds digit of 1524?
5
What is the thousands digit of 28655?
8
What is the hundreds digit of 9435?
4
What is the units digit of 358?
8
What is the units digit of 1540?
0
What is the tens digit of 2172?
7
What is the units digit of 680?
0
What is the units digit of 586?
6
What is the tens digit of 1287?
8
What is the hundreds digit of 1785?
7
What is the hundreds digit of 563?
5
What is the units digit of 9732?
2
What is the thousands digit of 18307?
8
What is the tens digit of 1299?
9
What is the thousands digit of 4699?
4
What is the hundreds digit of 875?
8
What is the units digit of 22323?
3
What is the units digit of 697?
7
What is the units digit of 200?
0
What is the units digit of 233?
3
What is the tens digit of 25082?
8
What is the tens digit of 1108?
0
What is the hundreds digit of 29635?
6
What is the units digit of 691?
1
What is the ten thousands digit of 14413?
1
What is the units digit of 11272?
2
What is the hundreds digit of 1672?
6
What is the units digit of 397?
7
What is the units digit of 846?
6
What is the tens digit of 2182?
8
What is the units digit of 6764?
4
What is the units digit of 2273?
3
What is the units digit of 2854?
4
What is the hundreds digit of 354?
3
What is the hundreds digit of 60044?
0
What is the hundreds digit of 2951?
9
What is the ten thousands digit of 33262?
3
What is the units digit of 729?
9
What is the thousands digit of 10021?
0
What is the tens digit of 1188?
8
What is the thousands digit of 2746?
2
What is the hundreds digit of 55738?
7
What is the ten thousands digit of 32100?
3
What is the ten thousands digit of 62748?
6
What is the hundred thousands digit of 119362?
1
What is the tens digit of 167?
6
What is the hundreds digit of 1258?
2
What is the units digit of 12790?
0
What is the tens digit of 2117?
1
What is the thousands digit of 4042?
4
What is the hundreds digit of 9944?
9
What is the hundreds digit of 673?
6
What is the hundreds digit of 1229?
2
What is the tens digit of 75?
7
What is the tens digit of 7554?
5
What is the hundreds digit of 2570?
5
What is the tens digit of 2531?
3
What is the tens digit of 31125?
2
What is the thousands digit of 8867?
8
What is the ten thousands digit of 13724?
1
What is the ten thousands digit of 15724?
1
What is the hundreds digit of 232?
2
What is the ten thousands digit of 17909?
1
What is the tens digit of 1272?
7
What is the units digit of 92443?
3
What is the hundreds digit of 228?
2
What is the tens digit of 275?
7
What is the thousands digit of 12387?
2
What is the thousands digit of 6287?
6
What is the units digit of 327?
7
What is the thousands digit of 61940?
1
What is the hundreds digit of 22391?
3
What is the thousands digit of 1447?
1
What is the hundreds digit of 4608?
6
What is the thousands digit of 1234?
1
What is the tens digit of 91?
9
What is the tens digit of 6011?
1
What is the thousands digit of 27549?
7
What is the hundreds digit of 32433?
4
What is the tens digit of 3064?
6
What is the ten thousands digit of 71702?
7
What is the thousands digit of 22788?
2
What is the ten thousands digit of 175790?
7
What is the tens digit of 1387?
8
What is the thousands digit of 24036?
4
What is the units digit of 4890?
0
What is the hundreds digit of 891?
8
What is the units digit of 1484?
4
What is the thousands digit of 4078?
4
What is the thousands digit of 73736?
3
What is the tens digit of 10780?
8
What is the hundreds digit of 5631?
6
What is the hundreds digit of 18467?
4
What is the units digit of 190?
0
What is the ten thousands digit of 12025?
1
What is the tens digit of 2913?
1
What is the tens digit of 225?
2
What is the units digit of 4818?
8
What is the units digit of 21488?
8
What is the hundreds digit of 17286?
2
What is the thousands digit of 10345?
0
What is the units digit of 23?
3
What is the hundreds digit of 39617?
6
What is the hundreds digit of 359?
3
What is the hundreds digit of 34655?
6
What is the tens digit of 78405?
0
What is the tens digit of 2714?
1
What is the thousands digit of 43354?
3
What is the units digit of 980?
0
What is the units digit of 953?
3
What is the units digit of 1632?
2
What is the units digit of 2742?
2
What is the tens digit of 4729?
2
What is the units digit of 8212?
2
What is the units digit of 6657?
7
What is the units digit of 359?
9
What is the units digit of 5659?
9
What is the thousands digit of 49389?
9
What is the units digit of 439?
9
What is the tens digit of 2822?
2
What is the hundreds digit of 34894?
8
What is the tens digit of 376?
7
What is the thousands digit of 2323?
2
What is the hundreds digit of 6813?
8
What is the thousands digit of 1474?
1
What is the tens digit of 10555?
5
What is the thousands digit of 5601?
5
What is the ten thousands digit of 12841?
1
What is the thousands digit of 3953?
3
What is the thousands digit of 6497?
6
What is the hundreds digit of 15603?
6
What is the units digit of 1273?
3
What is the units digit of 32448?
8
What is the hundreds digit of 537?
5
What is the tens digit of 1846?
4
What is the thousands digit of 34573?
4
What is the ten thousands digit of 18068?
1
What is the ten thousands digit of 41765